{"id":23697,"date":"2023-06-23T11:26:11","date_gmt":"2023-06-23T09:26:11","guid":{"rendered":"http:\/\/figueras.com\/project\/palacio-de-exposiciones-y-congresos-de-cordoba-2\/"},"modified":"2024-07-29T18:58:01","modified_gmt":"2024-07-29T16:58:01","slug":"palacio-de-exposiciones-y-congresos-de-cordoba","status":"publish","type":"project","link":"https:\/\/figueras.com\/fr\/projet\/palacio-de-exposiciones-y-congresos-de-cordoba\/","title":{"rendered":"Palacio de Exposiciones y Congresos de C\u00f3rdoba"},"content":{"rendered":"<p style=\"text-align: justify;\">La salle offre des possibilit\u00e9s de configuration infinies gr\u00e2ce au si\u00e8ge, au <a href=\"\/microflex-p-67-fr\" target=\"_blank\" rel=\"noopener\">mod\u00e8le Microflex<\/a>, compact et tr\u00e8s confortable, et aux syst\u00e8mes Figueras choisis. D&rsquo;une part, des <a href=\"\/sieges-fixes-s-3-fr\" target=\"_blank\" rel=\"noopener\">si\u00e8ges fixes<\/a> ont \u00e9t\u00e9 install\u00e9s, d&rsquo;autre part, la combinaison des <a href=\"\/mutarail-seating-system-p-81-fr\" target=\"_blank\" rel=\"noopener\">syst\u00e8mes Mutarail<\/a> et <a href=\"\/mutasub-seating-system-p-82-fr\" target=\"_blank\" rel=\"noopener\">Mutasub<\/a> compl\u00e8te le nombre de places assises. Les <a href=\"\/systemes-mobiles-s-1-fr\" target=\"_blank\" rel=\"noopener\">syst\u00e8mes de si\u00e8ges mobiles<\/a> permettent de cacher et de d\u00e9placer les si\u00e8ges en fonction des besoins de chaque \u00e9v\u00e9nement, faisant de la salle l&rsquo;espace id\u00e9al pour passer d&rsquo;un congr\u00e8s \u00e0 une exposition.<\/p>\n<p style=\"text-align: justify;\">Ce b\u00e2timent a \u00e9t\u00e9 nomin\u00e9 par la plateforme ArchDaily pour le prix du <a href=\"https:\/\/www.archdaily.com\/942964\/rehabilitation-of-the-cordoba-congress-center-lap-arquitectos-asociados\" target=\"_blank\" rel=\"noopener\">b\u00e2timent de l&rsquo;ann\u00e9e<\/a> dans la cat\u00e9gorie Architecture culturelle.<\/p>\n","protected":false},"featured_media":13897,"template":"","categories":[172,160],"tags":[],"country":[635],"product_rel_tag":[340],"system_rel_tag":[444,448],"class_list":["post-23697","project","type-project","status-publish","has-post-thumbnail","hentry","category-congress-centres-fr","category-seats-for-multi-purpose-spaces-fr","country-spain-fr","product_rel_tag-microflex-6061-fr","system_rel_tag-mutarail-seating-system-fr","system_rel_tag-mutasub-seating-system-fr"],"acf":[],"_links":{"self":[{"href":"https:\/\/figueras.com\/fr\/wp-json\/wp\/v2\/project\/23697","targetHints":{"allow":["GET"]}}],"collection":[{"href":"https:\/\/figueras.com\/fr\/wp-json\/wp\/v2\/project"}],"about":[{"href":"https:\/\/figueras.com\/fr\/wp-json\/wp\/v2\/types\/project"}],"version-history":[{"count":0,"href":"https:\/\/figueras.com\/fr\/wp-json\/wp\/v2\/project\/23697\/revisions"}],"wp:featuredmedia":[{"embeddable":true,"href":"https:\/\/figueras.com\/fr\/wp-json\/wp\/v2\/media\/13897"}],"wp:attachment":[{"href":"https:\/\/figueras.com\/fr\/wp-json\/wp\/v2\/media?parent=23697"}],"wp:term":[{"taxonomy":"category","embeddable":true,"href":"https:\/\/figueras.com\/fr\/wp-json\/wp\/v2\/categories?post=23697"},{"taxonomy":"post_tag","embeddable":true,"href":"https:\/\/figueras.com\/fr\/wp-json\/wp\/v2\/tags?post=23697"},{"taxonomy":"country","embeddable":true,"href":"https:\/\/figueras.com\/fr\/wp-json\/wp\/v2\/country?post=23697"},{"taxonomy":"product_rel_tag","embeddable":true,"href":"https:\/\/figueras.com\/fr\/wp-json\/wp\/v2\/product_rel_tag?post=23697"},{"taxonomy":"system_rel_tag","embeddable":true,"href":"https:\/\/figueras.com\/fr\/wp-json\/wp\/v2\/system_rel_tag?post=23697"}],"curies":[{"name":"wp","href":"https:\/\/api.w.org\/{rel}","templated":true}]}}

Palacio de Exposiciones y Congresos de Córdoba

<p style="text-align: justify;">La salle offre des possibilités de configuration infinies grâce au siège, au <a href="/microflex-p-67-fr" target="_blank" rel="noopener">modèle Microflex</a>, compact et très confortable, et aux systèmes Figueras choisis. D&rsquo;une part, des <a href="/sieges-fixes-s-3-fr" target="_blank" rel="noopener">sièges fixes</a> ont été installés, d&rsquo;autre part, la combinaison des <a href="/mutarail-seating-system-p-81-fr" target="_blank" rel="noopener">systèmes Mutarail</a> et <a href="/mutasub-seating-system-p-82-fr" target="_blank" rel="noopener">Mutasub</a> complète le nombre de places assises. Les <a href="/systemes-mobiles-s-1-fr" target="_blank" rel="noopener">systèmes de sièges mobiles</a> permettent de cacher et de déplacer les sièges en fonction des besoins de chaque événement, faisant de la salle l&rsquo;espace idéal pour passer d&rsquo;un congrès à une exposition.</p>
<p style="text-align: justify;">Ce bâtiment a été nominé par la plateforme ArchDaily pour le prix du <a href="https://www.archdaily.com/942964/rehabilitation-of-the-cordoba-congress-center-lap-arquitectos-asociados" target="_blank" rel="noopener">bâtiment de l&rsquo;année</a> dans la catégorie Architecture culturelle.</p>
