{"id":23693,"date":"2023-06-23T11:26:11","date_gmt":"2023-06-23T09:26:11","guid":{"rendered":"http:\/\/figueras.com\/project\/sala-bbk\/"},"modified":"2025-09-10T19:20:53","modified_gmt":"2025-09-10T17:20:53","slug":"sala-bbk","status":"publish","type":"project","link":"https:\/\/figueras.com\/fr\/projet\/sala-bbk\/","title":{"rendered":"Sala BBK"},"content":{"rendered":"<p style=\"text-align: justify;\">Au milieu de la Gran V\u00eda de Bilbao se trouve la Sala BBK, propri\u00e9t\u00e9 de la m\u00eame entit\u00e9, qui favorise la diffusion de la culture urbaine. Figueras a \u00e9quip\u00e9 la salle de <a href=\"\/flex-p-41-fr\" target=\"_blank\" rel=\"noopener\">si\u00e8ges Flex<\/a> et du <a href=\"\/mutarail-seating-system-p-81-fr\" target=\"_blank\" rel=\"noopener\">syst\u00e8me mobile Mutarail<\/a>. Le part\u00e8rre de 281 m\u00e8tres carr\u00e9s\u00a0et de 300 places <strong>deviennent un espace ouvert en cachant les si\u00e8ges sous la sc\u00e8ne<\/strong>, laissant de la place pour environ 550 personnes debout. L&rsquo;amphith\u00e9\u00e2tre de 190 m\u00e8tres carr\u00e9s est \u00e9quip\u00e9 de 133 <a href=\"\/sieges-fixes-s-3-fr\" target=\"_blank\" rel=\"noopener\">si\u00e8ges fixes<\/a> qui compl\u00e8tent la capacit\u00e9. <strong>Une salle id\u00e9ale pour toutes sortes d&rsquo;\u00e9v\u00e9nements: des congr\u00e8s et conf\u00e9rences au th\u00e9\u00e2tre et aux concerts de tous styles<\/strong>.<\/p>\n","protected":false},"featured_media":13804,"template":"","categories":[149,150,160],"tags":[],"country":[635],"product_rel_tag":[349],"system_rel_tag":[444],"class_list":["post-23693","project","type-project","status-publish","has-post-thumbnail","hentry","category-auditorium-and-conference-rooms-fr","category-corporate-rooms-fr","category-seats-for-multi-purpose-spaces-fr","country-spain-fr","product_rel_tag-flex-6035-fr","system_rel_tag-mutarail-seating-system-fr"],"acf":[],"_links":{"self":[{"href":"https:\/\/figueras.com\/fr\/wp-json\/wp\/v2\/project\/23693","targetHints":{"allow":["GET"]}}],"collection":[{"href":"https:\/\/figueras.com\/fr\/wp-json\/wp\/v2\/project"}],"about":[{"href":"https:\/\/figueras.com\/fr\/wp-json\/wp\/v2\/types\/project"}],"version-history":[{"count":0,"href":"https:\/\/figueras.com\/fr\/wp-json\/wp\/v2\/project\/23693\/revisions"}],"wp:featuredmedia":[{"embeddable":true,"href":"https:\/\/figueras.com\/fr\/wp-json\/wp\/v2\/media\/13804"}],"wp:attachment":[{"href":"https:\/\/figueras.com\/fr\/wp-json\/wp\/v2\/media?parent=23693"}],"wp:term":[{"taxonomy":"category","embeddable":true,"href":"https:\/\/figueras.com\/fr\/wp-json\/wp\/v2\/categories?post=23693"},{"taxonomy":"post_tag","embeddable":true,"href":"https:\/\/figueras.com\/fr\/wp-json\/wp\/v2\/tags?post=23693"},{"taxonomy":"country","embeddable":true,"href":"https:\/\/figueras.com\/fr\/wp-json\/wp\/v2\/country?post=23693"},{"taxonomy":"product_rel_tag","embeddable":true,"href":"https:\/\/figueras.com\/fr\/wp-json\/wp\/v2\/product_rel_tag?post=23693"},{"taxonomy":"system_rel_tag","embeddable":true,"href":"https:\/\/figueras.com\/fr\/wp-json\/wp\/v2\/system_rel_tag?post=23693"}],"curies":[{"name":"wp","href":"https:\/\/api.w.org\/{rel}","templated":true}]}}

<p style="text-align: justify;">Au milieu de la Gran Vía de Bilbao se trouve la Sala BBK, propriété de la même entité, qui favorise la diffusion de la culture urbaine. Figueras a équipé la salle de <a href="/flex-p-41-fr" target="_blank" rel="noopener">sièges Flex</a> et du <a href="/mutarail-seating-system-p-81-fr" target="_blank" rel="noopener">système mobile Mutarail</a>. Le partèrre de 281 mètres carrés et de 300 places <strong>deviennent un espace ouvert en cachant les sièges sous la scène</strong>, laissant de la place pour environ 550 personnes debout. L&rsquo;amphithéâtre de 190 mètres carrés est équipé de 133 <a href="/sieges-fixes-s-3-fr" target="_blank" rel="noopener">sièges fixes</a> qui complètent la capacité. <strong>Une salle idéale pour toutes sortes d&rsquo;événements: des congrès et conférences au théâtre et aux concerts de tous styles</strong>.</p>
