{"id":23641,"date":"2023-06-23T11:26:16","date_gmt":"2023-06-23T09:26:16","guid":{"rendered":"http:\/\/figueras.com\/project\/auditori-i-palau-de-congressos-de-girona\/"},"modified":"2024-05-21T10:48:54","modified_gmt":"2024-05-21T08:48:54","slug":"auditori-i-palau-de-congressos-de-girona","status":"publish","type":"project","link":"https:\/\/figueras.com\/fr\/projet\/auditori-i-palau-de-congressos-de-girona\/","title":{"rendered":"Auditori i Palau de Congressos de Girona"},"content":{"rendered":"<div style=\"text-align: justify;\">Les prestigieux architectes Jordi Bosch Genover, Manel Bosch i Arag\u00f3 et Joan Tarr\u00fas Galter ont uni leurs forces pour concevoir et cr\u00e9er un espace aux multiples fonctionnalit\u00e9s o\u00f9 musique, congr\u00e8s et expositions coexistent en parfaite harmonie.<\/div>\n<div style=\"text-align: justify;\">Le b\u00e2timent, aux lignes g\u00e9om\u00e9triques pures, se compose d&rsquo;un sous-sol et de trois \u00e9tages. Orient\u00e9 vers la rivi\u00e8re et le Parc de la Devesa, il met en valeur le paysage environnant.<\/div>\n<div style=\"text-align: justify;\">Pour \u00e9quiper les grandes salles, le fauteuil Flex 6036 et diff\u00e9rents accessoires ont \u00e9t\u00e9 choisis pour les adapter aux besoins de chaque espace, en conservant toujours l&rsquo;esth\u00e9tique de la finition en bois en concordance avec la tapisserie noire.<\/div>\n<div style=\"text-align: justify;\"><\/div>\n<div style=\"text-align: justify;\">La salle Montsalvatge, d&rsquo;une capacit\u00e9 de 1 236 personnes, a \u00e9t\u00e9 con\u00e7ue pour accueillir l&rsquo;activit\u00e9 symphonique de l&rsquo;\u00e9tablissement et r\u00e9pond aux exigences acoustiques \u00e9lev\u00e9es d&rsquo;une salle de concert, mais c&rsquo;est aussi un grand auditorium qui s&rsquo;adapte parfaitement aux congr\u00e8s de grand format.<\/div>\n<div style=\"text-align: justify;\"><\/div>\n<div style=\"text-align: justify;\">La Sala de Cambra, con\u00e7ue pour accueillir des activit\u00e9s de plus petite capacit\u00e9, augmente sa fonctionnalit\u00e9 en incorporant un pupitre int\u00e9gr\u00e9 dans le panneau lat\u00e9ral des si\u00e8ges. Pouvant accueillir jusqu&rsquo;\u00e0 362 personnes, c&rsquo;est la salle id\u00e9ale pour les concerts de chambre, mais aussi pour les conf\u00e9rences, les congr\u00e8s ou les master classes.<\/div>\n<div style=\"text-align: justify;\"><\/div>\n<div style=\"text-align: justify;\">Dans la Sala Petita, les 178 si\u00e8ges ont \u00e9t\u00e9 install\u00e9s avec la table F48, une combinaison parfaite pour toutes sortes d&rsquo;\u00e9v\u00e9nements tels que des conf\u00e9rences, des congr\u00e8s et de longues sessions de travail.<\/div>\n","protected":false},"featured_media":13624,"template":"","categories":[149,172],"tags":[],"country":[635],"product_rel_tag":[359,348],"system_rel_tag":[],"class_list":["post-23641","project","type-project","status-publish","has-post-thumbnail","hentry","category-auditorium-and-conference-rooms-fr","category-congress-centres-fr","country-spain-fr","product_rel_tag-f48-fr","product_rel_tag-flex-6036-fr"],"acf":[],"_links":{"self":[{"href":"https:\/\/figueras.com\/fr\/wp-json\/wp\/v2\/project\/23641","targetHints":{"allow":["GET"]}}],"collection":[{"href":"https:\/\/figueras.com\/fr\/wp-json\/wp\/v2\/project"}],"about":[{"href":"https:\/\/figueras.com\/fr\/wp-json\/wp\/v2\/types\/project"}],"version-history":[{"count":0,"href":"https:\/\/figueras.com\/fr\/wp-json\/wp\/v2\/project\/23641\/revisions"}],"wp:featuredmedia":[{"embeddable":true,"href":"https:\/\/figueras.com\/fr\/wp-json\/wp\/v2\/media\/13624"}],"wp:attachment":[{"href":"https:\/\/figueras.com\/fr\/wp-json\/wp\/v2\/media?parent=23641"}],"wp:term":[{"taxonomy":"category","embeddable":true,"href":"https:\/\/figueras.com\/fr\/wp-json\/wp\/v2\/categories?post=23641"},{"taxonomy":"post_tag","embeddable":true,"href":"https:\/\/figueras.com\/fr\/wp-json\/wp\/v2\/tags?post=23641"},{"taxonomy":"country","embeddable":true,"href":"https:\/\/figueras.com\/fr\/wp-json\/wp\/v2\/country?post=23641"},{"taxonomy":"product_rel_tag","embeddable":true,"href":"https:\/\/figueras.com\/fr\/wp-json\/wp\/v2\/product_rel_tag?post=23641"},{"taxonomy":"system_rel_tag","embeddable":true,"href":"https:\/\/figueras.com\/fr\/wp-json\/wp\/v2\/system_rel_tag?post=23641"}],"curies":[{"name":"wp","href":"https:\/\/api.w.org\/{rel}","templated":true}]}}

<div style="text-align: justify;">Les prestigieux architectes Jordi Bosch Genover, Manel Bosch i Aragó et Joan Tarrús Galter ont uni leurs forces pour concevoir et créer un espace aux multiples fonctionnalités où musique, congrès et expositions coexistent en parfaite harmonie.</div>
<div style="text-align: justify;">Le bâtiment, aux lignes géométriques pures, se compose d&rsquo;un sous-sol et de trois étages. Orienté vers la rivière et le Parc de la Devesa, il met en valeur le paysage environnant.</div>
<div style="text-align: justify;">Pour équiper les grandes salles, le fauteuil Flex 6036 et différents accessoires ont été choisis pour les adapter aux besoins de chaque espace, en conservant toujours l&rsquo;esthétique de la finition en bois en concordance avec la tapisserie noire.</div>
<div style="text-align: justify;"></div>
<div style="text-align: justify;">La salle Montsalvatge, d&rsquo;une capacité de 1 236 personnes, a été conçue pour accueillir l&rsquo;activité symphonique de l&rsquo;établissement et répond aux exigences acoustiques élevées d&rsquo;une salle de concert, mais c&rsquo;est aussi un grand auditorium qui s&rsquo;adapte parfaitement aux congrès de grand format.</div>
<div style="text-align: justify;"></div>
<div style="text-align: justify;">La Sala de Cambra, conçue pour accueillir des activités de plus petite capacité, augmente sa fonctionnalité en incorporant un pupitre intégré dans le panneau latéral des sièges. Pouvant accueillir jusqu&rsquo;à 362 personnes, c&rsquo;est la salle idéale pour les concerts de chambre, mais aussi pour les conférences, les congrès ou les master classes.</div>
<div style="text-align: justify;"></div>
<div style="text-align: justify;">Dans la Sala Petita, les 178 sièges ont été installés avec la table F48, une combinaison parfaite pour toutes sortes d&rsquo;événements tels que des conférences, des congrès et de longues sessions de travail.</div>
