{"id":23611,"date":"2023-06-23T11:26:16","date_gmt":"2023-06-23T09:26:16","guid":{"rendered":"http:\/\/figueras.com\/project\/edificio-beatriz\/"},"modified":"2024-05-21T09:54:24","modified_gmt":"2024-05-21T07:54:24","slug":"edificio-beatriz","status":"publish","type":"project","link":"https:\/\/figueras.com\/fr\/projet\/edificio-beatriz\/","title":{"rendered":"Edificio Beatriz"},"content":{"rendered":"<p style=\"text-align: justify;\">L&rsquo;unique Edificio Beatriz de Madrid, un b\u00e2timent original de l&rsquo;architecte Eleuterio Poblaci\u00f3n Knappe, d\u00e9fenseur de la fonctionnalit\u00e9 et des volumes propres, aust\u00e8res et p\u00e9rissables, est catalogu\u00e9 comme un mod\u00e8le d&rsquo;architecture d&rsquo;immeuble de bureaux. Inaugur\u00e9 en 1975, il porte le nom de l&rsquo;\u00e9crivain Beatriz Galindo, connu sous le nom de La Latina, et est une ic\u00f4ne incontest\u00e9e du quartier de Salamanque.<\/p>\n<p style=\"text-align: justify;\">La r\u00e9novation de ce b\u00e2timent embl\u00e9matique a \u00e9t\u00e9 r\u00e9alis\u00e9e par la Domus Arquitectura et comprenait l&rsquo;adaptation de \u00ab\u00a0El Beatriz Madrid Auditorio\u00a0\u00bb. Les <strong>si\u00e8ges existants ont \u00e9t\u00e9 restaur\u00e9s<\/strong> en conservant certains de leurs \u00e9l\u00e9ments d&rsquo;origine et en leur apportant toute la technologie et le confort n\u00e9cessaires pour faire de l&rsquo;auditorium un lieu adapt\u00e9 pour accueillir tout type d&rsquo;\u00e9v\u00e9nements et de conf\u00e9rences.<\/p>\n","protected":false},"featured_media":13564,"template":"","categories":[149,162],"tags":[],"country":[635],"product_rel_tag":[],"system_rel_tag":[],"class_list":["post-23611","project","type-project","status-publish","has-post-thumbnail","hentry","category-auditorium-and-conference-rooms-fr","category-customized-products-fr","country-spain-fr"],"acf":[],"_links":{"self":[{"href":"https:\/\/figueras.com\/fr\/wp-json\/wp\/v2\/project\/23611","targetHints":{"allow":["GET"]}}],"collection":[{"href":"https:\/\/figueras.com\/fr\/wp-json\/wp\/v2\/project"}],"about":[{"href":"https:\/\/figueras.com\/fr\/wp-json\/wp\/v2\/types\/project"}],"version-history":[{"count":0,"href":"https:\/\/figueras.com\/fr\/wp-json\/wp\/v2\/project\/23611\/revisions"}],"wp:featuredmedia":[{"embeddable":true,"href":"https:\/\/figueras.com\/fr\/wp-json\/wp\/v2\/media\/13564"}],"wp:attachment":[{"href":"https:\/\/figueras.com\/fr\/wp-json\/wp\/v2\/media?parent=23611"}],"wp:term":[{"taxonomy":"category","embeddable":true,"href":"https:\/\/figueras.com\/fr\/wp-json\/wp\/v2\/categories?post=23611"},{"taxonomy":"post_tag","embeddable":true,"href":"https:\/\/figueras.com\/fr\/wp-json\/wp\/v2\/tags?post=23611"},{"taxonomy":"country","embeddable":true,"href":"https:\/\/figueras.com\/fr\/wp-json\/wp\/v2\/country?post=23611"},{"taxonomy":"product_rel_tag","embeddable":true,"href":"https:\/\/figueras.com\/fr\/wp-json\/wp\/v2\/product_rel_tag?post=23611"},{"taxonomy":"system_rel_tag","embeddable":true,"href":"https:\/\/figueras.com\/fr\/wp-json\/wp\/v2\/system_rel_tag?post=23611"}],"curies":[{"name":"wp","href":"https:\/\/api.w.org\/{rel}","templated":true}]}}

<p style="text-align: justify;">L&rsquo;unique Edificio Beatriz de Madrid, un bâtiment original de l&rsquo;architecte Eleuterio Población Knappe, défenseur de la fonctionnalité et des volumes propres, austères et périssables, est catalogué comme un modèle d&rsquo;architecture d&rsquo;immeuble de bureaux. Inauguré en 1975, il porte le nom de l&rsquo;écrivain Beatriz Galindo, connu sous le nom de La Latina, et est une icône incontestée du quartier de Salamanque.</p>
<p style="text-align: justify;">La rénovation de ce bâtiment emblématique a été réalisée par la Domus Arquitectura et comprenait l&rsquo;adaptation de « El Beatriz Madrid Auditorio ». Les <strong>sièges existants ont été restaurés</strong> en conservant certains de leurs éléments d&rsquo;origine et en leur apportant toute la technologie et le confort nécessaires pour faire de l&rsquo;auditorium un lieu adapté pour accueillir tout type d&rsquo;événements et de conférences.</p>
