{"id":23583,"date":"2023-06-23T11:26:18","date_gmt":"2023-06-23T09:26:18","guid":{"rendered":"http:\/\/figueras.com\/project\/opera-national-de-lyon\/"},"modified":"2025-09-11T16:16:48","modified_gmt":"2025-09-11T14:16:48","slug":"opera-national-de-lyon","status":"publish","type":"project","link":"https:\/\/figueras.com\/fr\/projet\/opera-national-de-lyon\/","title":{"rendered":"Op\u00e9ra National de Lyon"},"content":{"rendered":"<div style=\"text-align: justify;\">\n<p>L&rsquo;Op\u00e9ra de Lyon, situ\u00e9 au c\u0153ur du centre historique de la ville, a \u00e9t\u00e9 construit au XIXe si\u00e8cle par Chenevard et Pollet. Entre 1986 et 1993, le projet de r\u00e9novation a \u00e9t\u00e9 r\u00e9alis\u00e9 par l&rsquo;architecte Jean Nouvel.<\/p>\n<\/div>\n<div style=\"text-align: justify;\">Nouvel a pr\u00e9f\u00e9r\u00e9 pr\u00e9server les \u00e9l\u00e9ments n\u00e9oclassiques afin de maintenir l&rsquo;harmonie urbaine de la zone. Les fa\u00e7ades, les arcades, le hall d&rsquo;entr\u00e9e et ses plafonds et murs \u00e0 la feuille d&rsquo;or sont pr\u00e9serv\u00e9s comme un symbole du XIXe si\u00e8cle. Nouvel a cr\u00e9\u00e9 une vo\u00fbte en berceau vitr\u00e9e, triplant le volume original du b\u00e2timent, qui est aujourd&rsquo;hui devenu une ic\u00f4ne architecturale de la ville de Lyon et un exemple de la coexistence parfaite entre l&rsquo;architecture n\u00e9oclassique et moderne.<\/div>\n<div style=\"text-align: justify;\">\n<p>Le b\u00e2timent comprend deux salles : la Grande Salle, avec 1 100 places, et l&rsquo;amphith\u00e9\u00e2tre, avec 200 places. Dans la Grande Salle de style italien, la couleur dominante est le noir, ce qui fait de l&rsquo;espace une salle contemporaine, adapt\u00e9e \u00e0 l&rsquo;op\u00e9ra, mais aussi aux conf\u00e9rences, pi\u00e8ces de th\u00e9\u00e2tre ou concerts de grande envergure.<\/p>\n<\/div>\n<div style=\"text-align: justify;\">Le si\u00e8ge Lyon de Figueras, cr\u00e9\u00e9 pour l&rsquo;occasion, a \u00e9t\u00e9 choisi pour meubler la salle. Il s&rsquo;agit d&rsquo;un fauteuil modulaire avec un si\u00e8ge pliable et des dimensions compactes. Il se distingue par sa coque perfor\u00e9e, qui conf\u00e8re au si\u00e8ge des caract\u00e9ristiques acoustiques exceptionnelles.<\/div>\n","protected":false},"featured_media":16855,"template":"","categories":[156],"tags":[],"country":[639],"product_rel_tag":[347],"system_rel_tag":[],"class_list":["post-23583","project","type-project","status-publish","has-post-thumbnail","hentry","category-performing-arts-centres-fr","country-france-fr","product_rel_tag-lyon-13108-fr"],"acf":[],"_links":{"self":[{"href":"https:\/\/figueras.com\/fr\/wp-json\/wp\/v2\/project\/23583","targetHints":{"allow":["GET"]}}],"collection":[{"href":"https:\/\/figueras.com\/fr\/wp-json\/wp\/v2\/project"}],"about":[{"href":"https:\/\/figueras.com\/fr\/wp-json\/wp\/v2\/types\/project"}],"version-history":[{"count":0,"href":"https:\/\/figueras.com\/fr\/wp-json\/wp\/v2\/project\/23583\/revisions"}],"wp:featuredmedia":[{"embeddable":true,"href":"https:\/\/figueras.com\/fr\/wp-json\/wp\/v2\/media\/16855"}],"wp:attachment":[{"href":"https:\/\/figueras.com\/fr\/wp-json\/wp\/v2\/media?parent=23583"}],"wp:term":[{"taxonomy":"category","embeddable":true,"href":"https:\/\/figueras.com\/fr\/wp-json\/wp\/v2\/categories?post=23583"},{"taxonomy":"post_tag","embeddable":true,"href":"https:\/\/figueras.com\/fr\/wp-json\/wp\/v2\/tags?post=23583"},{"taxonomy":"country","embeddable":true,"href":"https:\/\/figueras.com\/fr\/wp-json\/wp\/v2\/country?post=23583"},{"taxonomy":"product_rel_tag","embeddable":true,"href":"https:\/\/figueras.com\/fr\/wp-json\/wp\/v2\/product_rel_tag?post=23583"},{"taxonomy":"system_rel_tag","embeddable":true,"href":"https:\/\/figueras.com\/fr\/wp-json\/wp\/v2\/system_rel_tag?post=23583"}],"curies":[{"name":"wp","href":"https:\/\/api.w.org\/{rel}","templated":true}]}}

Opéra National de Lyon

<div style="text-align: justify;">
<p>L&rsquo;Opéra de Lyon, situé au cœur du centre historique de la ville, a été construit au XIXe siècle par Chenevard et Pollet. Entre 1986 et 1993, le projet de rénovation a été réalisé par l&rsquo;architecte Jean Nouvel.</p>
</div>
<div style="text-align: justify;">Nouvel a préféré préserver les éléments néoclassiques afin de maintenir l&rsquo;harmonie urbaine de la zone. Les façades, les arcades, le hall d&rsquo;entrée et ses plafonds et murs à la feuille d&rsquo;or sont préservés comme un symbole du XIXe siècle. Nouvel a créé une voûte en berceau vitrée, triplant le volume original du bâtiment, qui est aujourd&rsquo;hui devenu une icône architecturale de la ville de Lyon et un exemple de la coexistence parfaite entre l&rsquo;architecture néoclassique et moderne.</div>
<div style="text-align: justify;">
<p>Le bâtiment comprend deux salles : la Grande Salle, avec 1 100 places, et l&rsquo;amphithéâtre, avec 200 places. Dans la Grande Salle de style italien, la couleur dominante est le noir, ce qui fait de l&rsquo;espace une salle contemporaine, adaptée à l&rsquo;opéra, mais aussi aux conférences, pièces de théâtre ou concerts de grande envergure.</p>
</div>
<div style="text-align: justify;">Le siège Lyon de Figueras, créé pour l&rsquo;occasion, a été choisi pour meubler la salle. Il s&rsquo;agit d&rsquo;un fauteuil modulaire avec un siège pliable et des dimensions compactes. Il se distingue par sa coque perforée, qui confère au siège des caractéristiques acoustiques exceptionnelles.</div>
