{"id":23579,"date":"2023-06-23T11:26:18","date_gmt":"2023-06-23T09:26:18","guid":{"rendered":"http:\/\/figueras.com\/project\/consell-general-dandorra\/"},"modified":"2024-05-20T13:20:43","modified_gmt":"2024-05-20T11:20:43","slug":"consell-general-dandorra","status":"publish","type":"project","link":"https:\/\/figueras.com\/fr\/projet\/consell-general-dandorra\/","title":{"rendered":"Consell General d&rsquo;Andorra"},"content":{"rendered":"<p style=\"text-align: justify;\">Artigues &amp; Sanabria (Ramon Artigues, Ramon Sanabria) et Pere Espuga ont abord\u00e9 la construction du nouveau si\u00e8ge du <strong>Conseil G\u00e9n\u00e9ral d\u2019Andorre<\/strong> comme s\u2019il s\u2019agissait d\u2019un b\u00e2timent quelconque du site rocheux dans lequel il s\u2019ins\u00e8re. La fa\u00e7ade est rev\u00eatue de la roche issue de l\u2019excavation du terrain. La pr\u00e9dilection du projet pour la pierre s\u2019\u00e9tend \u00e0 l\u2019int\u00e9rieur de la Salle du Conseil, o\u00f9 le marbre translucide \u00e9voque la condition min\u00e9rale des lieux. Dans cette salle, les parlementaires andorrans sont assis sur un fauteuil original de Figueras, le RT, dans sa version grenat. La s\u00e9lection du fauteuil a \u00e9t\u00e9 faite en fonction de crit\u00e8res esth\u00e9tiques, communicatifs et fonctionnels.<\/p>\n","protected":false},"featured_media":13543,"template":"","categories":[174],"tags":[],"country":[654],"product_rel_tag":[428],"system_rel_tag":[],"class_list":["post-23579","project","type-project","status-publish","has-post-thumbnail","hentry","category-parliaments-fr","country-andorra-fr","product_rel_tag-flex-rt-2314-fr"],"acf":[],"_links":{"self":[{"href":"https:\/\/figueras.com\/fr\/wp-json\/wp\/v2\/project\/23579","targetHints":{"allow":["GET"]}}],"collection":[{"href":"https:\/\/figueras.com\/fr\/wp-json\/wp\/v2\/project"}],"about":[{"href":"https:\/\/figueras.com\/fr\/wp-json\/wp\/v2\/types\/project"}],"version-history":[{"count":0,"href":"https:\/\/figueras.com\/fr\/wp-json\/wp\/v2\/project\/23579\/revisions"}],"wp:featuredmedia":[{"embeddable":true,"href":"https:\/\/figueras.com\/fr\/wp-json\/wp\/v2\/media\/13543"}],"wp:attachment":[{"href":"https:\/\/figueras.com\/fr\/wp-json\/wp\/v2\/media?parent=23579"}],"wp:term":[{"taxonomy":"category","embeddable":true,"href":"https:\/\/figueras.com\/fr\/wp-json\/wp\/v2\/categories?post=23579"},{"taxonomy":"post_tag","embeddable":true,"href":"https:\/\/figueras.com\/fr\/wp-json\/wp\/v2\/tags?post=23579"},{"taxonomy":"country","embeddable":true,"href":"https:\/\/figueras.com\/fr\/wp-json\/wp\/v2\/country?post=23579"},{"taxonomy":"product_rel_tag","embeddable":true,"href":"https:\/\/figueras.com\/fr\/wp-json\/wp\/v2\/product_rel_tag?post=23579"},{"taxonomy":"system_rel_tag","embeddable":true,"href":"https:\/\/figueras.com\/fr\/wp-json\/wp\/v2\/system_rel_tag?post=23579"}],"curies":[{"name":"wp","href":"https:\/\/api.w.org\/{rel}","templated":true}]}}

<p style="text-align: justify;">Artigues &amp; Sanabria (Ramon Artigues, Ramon Sanabria) et Pere Espuga ont abordé la construction du nouveau siège du <strong>Conseil Général d’Andorre</strong> comme s’il s’agissait d’un bâtiment quelconque du site rocheux dans lequel il s’insère. La façade est revêtue de la roche issue de l’excavation du terrain. La prédilection du projet pour la pierre s’étend à l’intérieur de la Salle du Conseil, où le marbre translucide évoque la condition minérale des lieux. Dans cette salle, les parlementaires andorrans sont assis sur un fauteuil original de Figueras, le RT, dans sa version grenat. La sélection du fauteuil a été faite en fonction de critères esthétiques, communicatifs et fonctionnels.</p>
