{"id":27263,"date":"2023-06-07T16:11:21","date_gmt":"2023-06-07T14:11:21","guid":{"rendered":"http:\/\/figueras.com\/designers\/filipe-oliveira\/"},"modified":"2023-06-07T16:11:21","modified_gmt":"2023-06-07T14:11:21","slug":"filipe-oliveira","status":"publish","type":"designers","link":"https:\/\/figueras.com\/fr\/concepteurs\/filipe-oliveira\/","title":{"rendered":"Filipe Oliveira"},"content":{"rendered":"<p>Les dimensions et les aptitudes de l&rsquo;architecture de Filipe Oliveira Dias vivent de l&rsquo;ambition de concevoir et de construire un univers immense, celui de l&rsquo;Homme, avec un temps infini, de pr\u00e9f\u00e9rence sans limites. Avant d&rsquo;assumer une participation qui est collective et qui est, par cons\u00e9quent, un droit pour tous. Sur le plan paysager et urbanistique, l&rsquo;architecture de Filipe Oliveira observe et interpr\u00e8te les valeurs. Ses projets et travaux sont didactiquement et p\u00e9dagogiquement ouverts. Ils assument de nombreuses cultures disciplinaires et sous-cultures de l&rsquo;architecture, lisibles et utiles. Ils constituent toujours le d\u00e9but d&rsquo;une enqu\u00eate stimulante et passionn\u00e9e, le d\u00e9but d&rsquo;une volont\u00e9 ou d&rsquo;une v\u00e9rit\u00e9 qui consid\u00e8re, culturellement et socialement, l&rsquo;architecture comme un bien de consommation. Ainsi, Filipe Oliveira Dias cr\u00e9e un univers qui n&rsquo;a pas peur de la couleur qui repr\u00e9sente la r\u00e9v\u00e9lation et la traduction mat\u00e9rielle qui mod\u00e8le les espaces, o\u00f9 les volont\u00e9s et les v\u00e9rit\u00e9s se rencontrent et se m\u00e9langent pour valider les usages et les formes de l&rsquo;architecture. Un monde, d&rsquo;ailleurs, o\u00f9 la structure est l&rsquo;architecture elle-m\u00eame, qui se montre et s&rsquo;assume avec rigueur et vigueur.<\/p>\n","protected":false},"featured_media":13876,"template":"","class_list":["post-27263","designers","type-designers","status-publish","has-post-thumbnail","hentry"],"acf":[],"_links":{"self":[{"href":"https:\/\/figueras.com\/fr\/wp-json\/wp\/v2\/designers\/27263","targetHints":{"allow":["GET"]}}],"collection":[{"href":"https:\/\/figueras.com\/fr\/wp-json\/wp\/v2\/designers"}],"about":[{"href":"https:\/\/figueras.com\/fr\/wp-json\/wp\/v2\/types\/designers"}],"version-history":[{"count":0,"href":"https:\/\/figueras.com\/fr\/wp-json\/wp\/v2\/designers\/27263\/revisions"}],"wp:featuredmedia":[{"embeddable":true,"href":"https:\/\/figueras.com\/fr\/wp-json\/wp\/v2\/media\/13876"}],"wp:attachment":[{"href":"https:\/\/figueras.com\/fr\/wp-json\/wp\/v2\/media?parent=27263"}],"curies":[{"name":"wp","href":"https:\/\/api.w.org\/{rel}","templated":true}]}}

<p>Les dimensions et les aptitudes de l&rsquo;architecture de Filipe Oliveira Dias vivent de l&rsquo;ambition de concevoir et de construire un univers immense, celui de l&rsquo;Homme, avec un temps infini, de préférence sans limites. Avant d&rsquo;assumer une participation qui est collective et qui est, par conséquent, un droit pour tous. Sur le plan paysager et urbanistique, l&rsquo;architecture de Filipe Oliveira observe et interprète les valeurs. Ses projets et travaux sont didactiquement et pédagogiquement ouverts. Ils assument de nombreuses cultures disciplinaires et sous-cultures de l&rsquo;architecture, lisibles et utiles. Ils constituent toujours le début d&rsquo;une enquête stimulante et passionnée, le début d&rsquo;une volonté ou d&rsquo;une vérité qui considère, culturellement et socialement, l&rsquo;architecture comme un bien de consommation. Ainsi, Filipe Oliveira Dias crée un univers qui n&rsquo;a pas peur de la couleur qui représente la révélation et la traduction matérielle qui modèle les espaces, où les volontés et les vérités se rencontrent et se mélangent pour valider les usages et les formes de l&rsquo;architecture. Un monde, d&rsquo;ailleurs, où la structure est l&rsquo;architecture elle-même, qui se montre et s&rsquo;assume avec rigueur et vigueur.</p>
