{"id":23754,"date":"2023-06-23T11:26:09","date_gmt":"2023-06-23T09:26:09","guid":{"rendered":"http:\/\/figueras.com\/project\/mediatheque-francois-miterrand-les-capucins\/"},"modified":"2025-09-16T18:54:53","modified_gmt":"2025-09-16T16:54:53","slug":"mediatheque-francois-miterrand-les-capucins","status":"publish","type":"project","link":"https:\/\/figueras.com\/es\/proyecto\/mediatheque-francois-miterrand-les-capucins\/","title":{"rendered":"M\u00e9diath\u00e8que Fran\u00e7ois-Miterrand Les Capucins"},"content":{"rendered":"<p style=\"text-align: justify;\">La M\u00e9diath\u00e8que des Capucins, con unas 120.000 obras a disposici\u00f3n del p\u00fablico, ocupa la gran nave y parte de los salones peque\u00f1os del que fue el convento de los monjes capuchinos de Brest, que en otros tiempos fue tambi\u00e9n un hospital y posteriormente unos talleres industriales.<\/p>\n<p style=\"text-align: justify;\">En 2010, el estudio Canal Achitecture inici\u00f3 un ambicioso proyecto que consisti\u00f3 en reutilizar parte de estos talleres conservando la arquitectura exterior para albergar la mediateca. El edificio cuenta adem\u00e1s, con un auditorio con 195 butacas <a href=\"\/minispace-p-68-es\" target=\"_blank\" rel=\"noopener\">Minispace 5064<\/a> con plegado autom\u00e1tico, <strong>una de las butacas m\u00e1s compactas de Figueras, de l\u00edneas elegantes y modernas y tapizado personalizado<\/strong> verde manzana. La opci\u00f3n perfecta para auditorios que necesitan maximizar el espacio sin renunciar a la comodidad.<\/p>\n","protected":false},"featured_media":13698,"template":"","categories":[155],"tags":[],"country":[678],"product_rel_tag":[388],"system_rel_tag":[],"class_list":["post-23754","project","type-project","status-publish","has-post-thumbnail","hentry","category-seats-for-cinema-es","country-france-es","product_rel_tag-minispace-5064-es"],"acf":[],"_links":{"self":[{"href":"https:\/\/figueras.com\/es\/wp-json\/wp\/v2\/project\/23754","targetHints":{"allow":["GET"]}}],"collection":[{"href":"https:\/\/figueras.com\/es\/wp-json\/wp\/v2\/project"}],"about":[{"href":"https:\/\/figueras.com\/es\/wp-json\/wp\/v2\/types\/project"}],"version-history":[{"count":0,"href":"https:\/\/figueras.com\/es\/wp-json\/wp\/v2\/project\/23754\/revisions"}],"wp:featuredmedia":[{"embeddable":true,"href":"https:\/\/figueras.com\/es\/wp-json\/wp\/v2\/media\/13698"}],"wp:attachment":[{"href":"https:\/\/figueras.com\/es\/wp-json\/wp\/v2\/media?parent=23754"}],"wp:term":[{"taxonomy":"category","embeddable":true,"href":"https:\/\/figueras.com\/es\/wp-json\/wp\/v2\/categories?post=23754"},{"taxonomy":"post_tag","embeddable":true,"href":"https:\/\/figueras.com\/es\/wp-json\/wp\/v2\/tags?post=23754"},{"taxonomy":"country","embeddable":true,"href":"https:\/\/figueras.com\/es\/wp-json\/wp\/v2\/country?post=23754"},{"taxonomy":"product_rel_tag","embeddable":true,"href":"https:\/\/figueras.com\/es\/wp-json\/wp\/v2\/product_rel_tag?post=23754"},{"taxonomy":"system_rel_tag","embeddable":true,"href":"https:\/\/figueras.com\/es\/wp-json\/wp\/v2\/system_rel_tag?post=23754"}],"curies":[{"name":"wp","href":"https:\/\/api.w.org\/{rel}","templated":true}]}}

Médiathèque François-Miterrand Les Capucins

<p style="text-align: justify;">La Médiathèque des Capucins, con unas 120.000 obras a disposición del público, ocupa la gran nave y parte de los salones pequeños del que fue el convento de los monjes capuchinos de Brest, que en otros tiempos fue también un hospital y posteriormente unos talleres industriales.</p>
<p style="text-align: justify;">En 2010, el estudio Canal Achitecture inició un ambicioso proyecto que consistió en reutilizar parte de estos talleres conservando la arquitectura exterior para albergar la mediateca. El edificio cuenta además, con un auditorio con 195 butacas <a href="/minispace-p-68-es" target="_blank" rel="noopener">Minispace 5064</a> con plegado automático, <strong>una de las butacas más compactas de Figueras, de líneas elegantes y modernas y tapizado personalizado</strong> verde manzana. La opción perfecta para auditorios que necesitan maximizar el espacio sin renunciar a la comodidad.</p>
