{"id":23580,"date":"2023-06-23T11:26:18","date_gmt":"2023-06-23T09:26:18","guid":{"rendered":"http:\/\/figueras.com\/project\/consell-general-dandorra\/"},"modified":"2024-05-20T13:23:39","modified_gmt":"2024-05-20T11:23:39","slug":"consell-general-dandorra","status":"publish","type":"project","link":"https:\/\/figueras.com\/es\/proyecto\/consell-general-dandorra\/","title":{"rendered":"Consell General d&#8217;Andorra"},"content":{"rendered":"<p style=\"text-align: justify;\">Artigues &amp; Sanabria (Ramon Artigues, Ramon Sanabria) junto a Pere Espuga abordaron la construcci\u00f3n de la sede del <strong>Consell General d&#8217;Andorra<\/strong> como si se tratase de un edificio m\u00e1s del lugar rocoso en el que est\u00e1 inserido. La fachada est\u00e1 recubierta de la roca procedente del vaciado del terreno. La vocaci\u00f3n p\u00e9trea del proyecto se extiende al interior de la Sala del Consell, en la que se us\u00f3 m\u00e1rmol transl\u00facido para evocar la condici\u00f3n mineral del lugar. En dicha sala, los parlamentarios andorranos se sientan sobre la singular butaca RT de Figueras en color granate. La selecci\u00f3n de la butaca se realiz\u00f3 ateniendo a criterios est\u00e9ticos, comunicativos y funcionales.<\/p>\n","protected":false},"featured_media":13545,"template":"","categories":[175],"tags":[],"country":[663],"product_rel_tag":[453],"system_rel_tag":[],"class_list":["post-23580","project","type-project","status-publish","has-post-thumbnail","hentry","category-parliaments-es","country-andorra-es","product_rel_tag-flex-rt-2314-es"],"acf":[],"_links":{"self":[{"href":"https:\/\/figueras.com\/es\/wp-json\/wp\/v2\/project\/23580","targetHints":{"allow":["GET"]}}],"collection":[{"href":"https:\/\/figueras.com\/es\/wp-json\/wp\/v2\/project"}],"about":[{"href":"https:\/\/figueras.com\/es\/wp-json\/wp\/v2\/types\/project"}],"version-history":[{"count":0,"href":"https:\/\/figueras.com\/es\/wp-json\/wp\/v2\/project\/23580\/revisions"}],"wp:featuredmedia":[{"embeddable":true,"href":"https:\/\/figueras.com\/es\/wp-json\/wp\/v2\/media\/13545"}],"wp:attachment":[{"href":"https:\/\/figueras.com\/es\/wp-json\/wp\/v2\/media?parent=23580"}],"wp:term":[{"taxonomy":"category","embeddable":true,"href":"https:\/\/figueras.com\/es\/wp-json\/wp\/v2\/categories?post=23580"},{"taxonomy":"post_tag","embeddable":true,"href":"https:\/\/figueras.com\/es\/wp-json\/wp\/v2\/tags?post=23580"},{"taxonomy":"country","embeddable":true,"href":"https:\/\/figueras.com\/es\/wp-json\/wp\/v2\/country?post=23580"},{"taxonomy":"product_rel_tag","embeddable":true,"href":"https:\/\/figueras.com\/es\/wp-json\/wp\/v2\/product_rel_tag?post=23580"},{"taxonomy":"system_rel_tag","embeddable":true,"href":"https:\/\/figueras.com\/es\/wp-json\/wp\/v2\/system_rel_tag?post=23580"}],"curies":[{"name":"wp","href":"https:\/\/api.w.org\/{rel}","templated":true}]}}

<p style="text-align: justify;">Artigues &amp; Sanabria (Ramon Artigues, Ramon Sanabria) junto a Pere Espuga abordaron la construcción de la sede del <strong>Consell General d&#8217;Andorra</strong> como si se tratase de un edificio más del lugar rocoso en el que está inserido. La fachada está recubierta de la roca procedente del vaciado del terreno. La vocación pétrea del proyecto se extiende al interior de la Sala del Consell, en la que se usó mármol translúcido para evocar la condición mineral del lugar. En dicha sala, los parlamentarios andorranos se sientan sobre la singular butaca RT de Figueras en color granate. La selección de la butaca se realizó ateniendo a criterios estéticos, comunicativos y funcionales.</p>
