{"id":23490,"date":"2023-06-23T11:28:25","date_gmt":"2023-06-23T09:28:25","guid":{"rendered":"http:\/\/figueras.com\/project\/the-mediapro-studio-2\/"},"modified":"2025-09-12T03:00:56","modified_gmt":"2025-09-12T01:00:56","slug":"the-mediapro-studio","status":"publish","type":"project","link":"https:\/\/figueras.com\/es\/proyecto\/the-mediapro-studio\/","title":{"rendered":"THE MEDIAPRO STUDIO"},"content":{"rendered":"<p style=\"text-align: justify;\">Para equipar este auditorio corporativo se eligi\u00f3 el modelo Aptum 247, que se complet\u00f3 con accesorios de conectividad y un atril para maximizar su funcionalidad. Se trata de una butaca de dise\u00f1o atemporal y gran versatilidad que destaca por sus m\u00faltiples opciones de acabado y su facilidad de adaptaci\u00f3n a los requerimientos ac\u00fasticos, uno de los grandes retos a la hora de dise\u00f1ar y desarrollar de esta sala.<\/p>\n","protected":false},"featured_media":15186,"template":"","categories":[151,152],"tags":[],"country":[702],"product_rel_tag":[459],"system_rel_tag":[],"class_list":["post-23490","project","type-project","status-publish","has-post-thumbnail","hentry","category-auditorium-and-conference-rooms-es","category-corporate-rooms-es","country-spain-es","product_rel_tag-aptum-247-es"],"acf":[],"_links":{"self":[{"href":"https:\/\/figueras.com\/es\/wp-json\/wp\/v2\/project\/23490","targetHints":{"allow":["GET"]}}],"collection":[{"href":"https:\/\/figueras.com\/es\/wp-json\/wp\/v2\/project"}],"about":[{"href":"https:\/\/figueras.com\/es\/wp-json\/wp\/v2\/types\/project"}],"version-history":[{"count":0,"href":"https:\/\/figueras.com\/es\/wp-json\/wp\/v2\/project\/23490\/revisions"}],"wp:featuredmedia":[{"embeddable":true,"href":"https:\/\/figueras.com\/es\/wp-json\/wp\/v2\/media\/15186"}],"wp:attachment":[{"href":"https:\/\/figueras.com\/es\/wp-json\/wp\/v2\/media?parent=23490"}],"wp:term":[{"taxonomy":"category","embeddable":true,"href":"https:\/\/figueras.com\/es\/wp-json\/wp\/v2\/categories?post=23490"},{"taxonomy":"post_tag","embeddable":true,"href":"https:\/\/figueras.com\/es\/wp-json\/wp\/v2\/tags?post=23490"},{"taxonomy":"country","embeddable":true,"href":"https:\/\/figueras.com\/es\/wp-json\/wp\/v2\/country?post=23490"},{"taxonomy":"product_rel_tag","embeddable":true,"href":"https:\/\/figueras.com\/es\/wp-json\/wp\/v2\/product_rel_tag?post=23490"},{"taxonomy":"system_rel_tag","embeddable":true,"href":"https:\/\/figueras.com\/es\/wp-json\/wp\/v2\/system_rel_tag?post=23490"}],"curies":[{"name":"wp","href":"https:\/\/api.w.org\/{rel}","templated":true}]}}

<p style="text-align: justify;">Para equipar este auditorio corporativo se eligió el modelo Aptum 247, que se completó con accesorios de conectividad y un atril para maximizar su funcionalidad. Se trata de una butaca de diseño atemporal y gran versatilidad que destaca por sus múltiples opciones de acabado y su facilidad de adaptación a los requerimientos acústicos, uno de los grandes retos a la hora de diseñar y desarrollar de esta sala.</p>
