{"id":25145,"date":"2023-06-07T16:10:55","date_gmt":"2023-06-07T14:10:55","guid":{"rendered":"http:\/\/figueras.com\/designers\/emiliana-design\/"},"modified":"2025-11-14T14:18:17","modified_gmt":"2025-11-14T13:18:17","slug":"emiliana-design","status":"publish","type":"designers","link":"https:\/\/figueras.com\/es\/disenadores\/emiliana-design\/","title":{"rendered":"Emiliana Design"},"content":{"rendered":"<p>El estudio de dise\u00f1o Emiliana naci\u00f3 a finales de los 90 de la mano de Ana Mir y Emili Padr\u00f3s, reci\u00e9n graduados en dise\u00f1o con un m\u00e1ster en Dise\u00f1o Industrial por la Central Saint Martins de Londres.<\/p>\n<p>Desde sus inicios, su estudio se caracteriza principalmente por favorecer un enfoque transversal en la disciplina del dise\u00f1o, lo que le ha permitido desarrollar una carrera profesional s\u00f3lida, diversa y rica en proyectos.<\/p>\n","protected":false},"featured_media":13890,"template":"","class_list":["post-25145","designers","type-designers","status-publish","has-post-thumbnail","hentry"],"acf":[],"_links":{"self":[{"href":"https:\/\/figueras.com\/es\/wp-json\/wp\/v2\/designers\/25145","targetHints":{"allow":["GET"]}}],"collection":[{"href":"https:\/\/figueras.com\/es\/wp-json\/wp\/v2\/designers"}],"about":[{"href":"https:\/\/figueras.com\/es\/wp-json\/wp\/v2\/types\/designers"}],"version-history":[{"count":0,"href":"https:\/\/figueras.com\/es\/wp-json\/wp\/v2\/designers\/25145\/revisions"}],"wp:featuredmedia":[{"embeddable":true,"href":"https:\/\/figueras.com\/es\/wp-json\/wp\/v2\/media\/13890"}],"wp:attachment":[{"href":"https:\/\/figueras.com\/es\/wp-json\/wp\/v2\/media?parent=25145"}],"curies":[{"name":"wp","href":"https:\/\/api.w.org\/{rel}","templated":true}]}}

<p>El estudio de diseño Emiliana nació a finales de los 90 de la mano de Ana Mir y Emili Padrós, recién graduados en diseño con un máster en Diseño Industrial por la Central Saint Martins de Londres.</p>
<p>Desde sus inicios, su estudio se caracteriza principalmente por favorecer un enfoque transversal en la disciplina del diseño, lo que le ha permitido desarrollar una carrera profesional sólida, diversa y rica en proyectos.</p>
