{"id":25137,"date":"2023-06-07T16:11:21","date_gmt":"2023-06-07T14:11:21","guid":{"rendered":"http:\/\/figueras.com\/designers\/filipe-oliveira\/"},"modified":"2024-01-19T21:41:18","modified_gmt":"2024-01-19T20:41:18","slug":"filipe-oliveira","status":"publish","type":"designers","link":"https:\/\/figueras.com\/es\/disenadores\/filipe-oliveira\/","title":{"rendered":"Filipe Oliveira"},"content":{"rendered":"<p>Las dimensiones y aptitudes de la arquitectura de Filipe Oliveira Dias viven de la ambici\u00f3n de dise\u00f1ar y construir un universo inmenso, el del Hombre, con un tiempo infinito, preferiblemente sin l\u00edmites. Antes asumen una participaci\u00f3n que es colectiva y es, por tanto, un derecho de todos. Paisaj\u00edstica y urban\u00edsticamente, la arquitectura de Filipe Oliveira observa e interpreta valores. Sus proyectos y obras son did\u00e1ctica y pedag\u00f3gicamente abiertos. Asumen muchas culturas disciplinarias y subculturas de la arquitectura, legibles y \u00fatiles. Constituyen siempre el inicio de una investigaci\u00f3n estimulante y apasionada, el comienzo de una voluntad o de una verdad que considera, cultural y socialmente, la arquitectura como un bien de consumo. As\u00ed, Filipe Oliveira Dias crea un universo que no teme al color que representa la revelaci\u00f3n y la traducci\u00f3n material que modela los espacios, donde voluntades y verdades confluyen y se mezclan para validar los usos y las formas de la arquitectura. Un mundo, adem\u00e1s, donde la estructura es la propia arquitectura, mostr\u00e1ndose y asumi\u00e9ndose con rigor y vigor.<\/p>\n","protected":false},"featured_media":13878,"template":"","class_list":["post-25137","designers","type-designers","status-publish","has-post-thumbnail","hentry"],"acf":[],"_links":{"self":[{"href":"https:\/\/figueras.com\/es\/wp-json\/wp\/v2\/designers\/25137","targetHints":{"allow":["GET"]}}],"collection":[{"href":"https:\/\/figueras.com\/es\/wp-json\/wp\/v2\/designers"}],"about":[{"href":"https:\/\/figueras.com\/es\/wp-json\/wp\/v2\/types\/designers"}],"version-history":[{"count":0,"href":"https:\/\/figueras.com\/es\/wp-json\/wp\/v2\/designers\/25137\/revisions"}],"wp:featuredmedia":[{"embeddable":true,"href":"https:\/\/figueras.com\/es\/wp-json\/wp\/v2\/media\/13878"}],"wp:attachment":[{"href":"https:\/\/figueras.com\/es\/wp-json\/wp\/v2\/media?parent=25137"}],"curies":[{"name":"wp","href":"https:\/\/api.w.org\/{rel}","templated":true}]}}

<p>Las dimensiones y aptitudes de la arquitectura de Filipe Oliveira Dias viven de la ambición de diseñar y construir un universo inmenso, el del Hombre, con un tiempo infinito, preferiblemente sin límites. Antes asumen una participación que es colectiva y es, por tanto, un derecho de todos. Paisajística y urbanísticamente, la arquitectura de Filipe Oliveira observa e interpreta valores. Sus proyectos y obras son didáctica y pedagógicamente abiertos. Asumen muchas culturas disciplinarias y subculturas de la arquitectura, legibles y útiles. Constituyen siempre el inicio de una investigación estimulante y apasionada, el comienzo de una voluntad o de una verdad que considera, cultural y socialmente, la arquitectura como un bien de consumo. Así, Filipe Oliveira Dias crea un universo que no teme al color que representa la revelación y la traducción material que modela los espacios, donde voluntades y verdades confluyen y se mezclan para validar los usos y las formas de la arquitectura. Un mundo, además, donde la estructura es la propia arquitectura, mostrándose y asumiéndose con rigor y vigor.</p>
